{"id":449,"date":"2019-02-26T10:52:41","date_gmt":"2019-02-26T09:52:41","guid":{"rendered":"http:\/\/psychologue91.fr\/wordpress\/?page_id=449"},"modified":"2019-03-15T15:09:33","modified_gmt":"2019-03-15T14:09:33","slug":"psychiatre","status":"publish","type":"page","link":"http:\/\/psychologue91.fr\/wordpress\/les-psy\/psychiatre\/","title":{"rendered":"Psychiatre"},"content":{"rendered":"\n\t<p><\/p>\n<p>Le psychiatre est un <strong>m\u00e9decin<\/strong> sp\u00e9cialiste.<\/p>\n<p>&nbsp;<\/p>\n<p>A ce titre, il est en mesure de prescrire des m\u00e9dicaments. Ses consultations et <a href=\"..\/..\/wp-content\/uploads\/2019\/02\/rawpixel-1376320-unsplash.jpg\"><img loading=\"lazy\" src=\"..\/..\/wp-content\/uploads\/2019\/02\/rawpixel-1376320-unsplash-300x200.jpg\" alt=\"\" width=\"300\" height=\"200\" \/><\/a>prescriptions sont donc prises en charge par la S\u00e9curit\u00e9 Sociale.<\/p>\n<p><\/p>\n<p><\/p>\n<p>La fonction premi\u00e8re du m\u00e9decin Psychiatre est de <strong>diagnostiquer<\/strong> et de <strong>proposer un traitement<\/strong>. Beaucoup d&rsquo;entre eux sont \u00e9galement psychoth\u00e9rapeutes ou psychanalystes. Ces sp\u00e9cialisations leur permettent d&rsquo;utiliser des outils compl\u00e9mentaires aux traitements m\u00e9dicamenteux et d&rsquo;offrir un suivi plus centr\u00e9 sur l&rsquo;\u00e9coute et la lib\u00e9ration de la parole.<\/p>\n<p><\/p>\n<p><\/p>\n<p>&nbsp;<\/p>\n<p>Le psychiatre exerce essentiellement en milieu hospitalier ou en exercice lib\u00e9ral. Bien souvent, le psychiatre et le psychologue sont <strong>compl\u00e9mentaires<\/strong> et travaillent en lien.<\/p>\n<p><\/p>\n","protected":false},"excerpt":{"rendered":"<p>Le psychiatre est un m\u00e9decin sp\u00e9cialiste. &nbsp; A ce titre, il est en mesure de prescrire des m\u00e9dicaments. Ses consultations et prescriptions sont donc prises en charge par la S\u00e9curit\u00e9 Sociale. La fonction premi\u00e8re du m\u00e9decin Psychiatre est de diagnostiquer et de proposer un traitement. Beaucoup d&rsquo;entre eux sont \u00e9galement psychoth\u00e9rapeutes ou psychanalystes. Ces sp\u00e9cialisations [&hellip;]<\/p>\n","protected":false},"author":1,"featured_media":0,"parent":7,"menu_order":1,"comment_status":"closed","ping_status":"closed","template":"","meta":[],"_links":{"self":[{"href":"http:\/\/psychologue91.fr\/wordpress\/wp-json\/wp\/v2\/pages\/449"}],"collection":[{"href":"http:\/\/psychologue91.fr\/wordpress\/wp-json\/wp\/v2\/pages"}],"about":[{"href":"http:\/\/psychologue91.fr\/wordpress\/wp-json\/wp\/v2\/types\/page"}],"author":[{"embeddable":true,"href":"http:\/\/psychologue91.fr\/wordpress\/wp-json\/wp\/v2\/users\/1"}],"replies":[{"embeddable":true,"href":"http:\/\/psychologue91.fr\/wordpress\/wp-json\/wp\/v2\/comments?post=449"}],"version-history":[{"count":4,"href":"http:\/\/psychologue91.fr\/wordpress\/wp-json\/wp\/v2\/pages\/449\/revisions"}],"predecessor-version":[{"id":526,"href":"http:\/\/psychologue91.fr\/wordpress\/wp-json\/wp\/v2\/pages\/449\/revisions\/526"}],"up":[{"embeddable":true,"href":"http:\/\/psychologue91.fr\/wordpress\/wp-json\/wp\/v2\/pages\/7"}],"wp:attachment":[{"href":"http:\/\/psychologue91.fr\/wordpress\/wp-json\/wp\/v2\/media?parent=449"}],"curies":[{"name":"wp","href":"https:\/\/api.w.org\/{rel}","templated":true}]}}