{"id":336,"date":"2019-02-11T15:23:42","date_gmt":"2019-02-11T14:23:42","guid":{"rendered":"http:\/\/psychologue91.fr\/wordpress\/?page_id=336"},"modified":"2019-02-12T15:55:55","modified_gmt":"2019-02-12T14:55:55","slug":"mes-valeurs-personnelles-et-professionnelles","status":"publish","type":"page","link":"https:\/\/psychologue91.fr\/wordpress\/mes-valeurs-personnelles-et-professionnelles\/","title":{"rendered":"Mes valeurs personnelles et professionnelles"},"content":{"rendered":"\n\t<p><\/p>\n<p><\/p>\n<p><\/p>\n<p>Au- del\u00e0 de l\u2019\u00e9thique li\u00e9e au dipl\u00f4me de psychologue et au <a href=\"http:\/\/www.codededeontologiedespsychologues.fr\/LE-CODE.html\">code de d\u00e9ontologie,<\/a> je m\u2019engage \u00e0:<\/p>\n<p><\/p>\n<p><\/p>\n<p>&nbsp;<\/p>\n<p><\/p>\n<p><\/p>\n<ul>\n<li>Respecter le <strong>secret professionnel<\/strong><\/li>\n<li><strong>Accueillir <\/strong>avec respect et attention<\/li>\n<li>Aider par un <strong>questionnement <\/strong>ad\u00e9quat et <strong>respectueux<\/strong><\/li>\n<li><strong>Ecouter <\/strong>de mani\u00e8re attentive, bienveillante, empathique et sans jugement<\/li>\n<li>Intervenir avec <strong>neutralit\u00e9 et discernement<\/strong> tout au long du travail effectu\u00e9<\/li>\n<li>Etablir une relation th\u00e9rapeutique de qualit\u00e9 bas\u00e9e sur la confiance, sans jamais perdre de vue que le th\u00e9rapeute n\u2019est l\u00e0 que pour guider, orienter une personne sur son propre chemin, \u00e0 travers ses propres r\u00e9ponses.<\/li>\n<li>Respecter le<strong> libre arbitre<\/strong>, les croyances et les valeurs de chacun<\/li>\n<li>Mettre en \u0153uvre des <strong>moyens professionnels maitris\u00e9s<\/strong> afin de r\u00e9pondre aux besoins sp\u00e9cifiques et atteindre les <strong>objectifs<\/strong><\/li>\n<li><strong>Orienter <\/strong>vers d\u2019autres professionnels si les moyens et les connaissances dont je dispose ne sont pas adapt\u00e9s<\/li>\n<li><strong>Collaborer<\/strong>, si besoin, et avec l\u2019accord du patient, avec d\u2019autres professionnels (m\u00e9decin g\u00e9n\u00e9raliste par exemple)<\/li>\n<li><strong>Proposer <\/strong>sans jamais imposer un <strong>rythme <\/strong>de s\u00e9ances<\/li>\n<\/ul>\n<p><\/p>\n","protected":false},"excerpt":{"rendered":"<p>Au- del\u00e0 de l\u2019\u00e9thique li\u00e9e au dipl\u00f4me de psychologue et au code de d\u00e9ontologie, je m\u2019engage \u00e0: &nbsp; Respecter le secret professionnel Accueillir avec respect et attention Aider par un questionnement ad\u00e9quat et respectueux Ecouter de mani\u00e8re attentive, bienveillante, empathique et sans jugement Intervenir avec neutralit\u00e9 et discernement tout au long du travail effectu\u00e9 Etablir [&hellip;]<\/p>\n","protected":false},"author":1,"featured_media":0,"parent":0,"menu_order":3,"comment_status":"closed","ping_status":"closed","template":"","meta":[],"_links":{"self":[{"href":"https:\/\/psychologue91.fr\/wordpress\/wp-json\/wp\/v2\/pages\/336"}],"collection":[{"href":"https:\/\/psychologue91.fr\/wordpress\/wp-json\/wp\/v2\/pages"}],"about":[{"href":"https:\/\/psychologue91.fr\/wordpress\/wp-json\/wp\/v2\/types\/page"}],"author":[{"embeddable":true,"href":"https:\/\/psychologue91.fr\/wordpress\/wp-json\/wp\/v2\/users\/1"}],"replies":[{"embeddable":true,"href":"https:\/\/psychologue91.fr\/wordpress\/wp-json\/wp\/v2\/comments?post=336"}],"version-history":[{"count":4,"href":"https:\/\/psychologue91.fr\/wordpress\/wp-json\/wp\/v2\/pages\/336\/revisions"}],"predecessor-version":[{"id":386,"href":"https:\/\/psychologue91.fr\/wordpress\/wp-json\/wp\/v2\/pages\/336\/revisions\/386"}],"wp:attachment":[{"href":"https:\/\/psychologue91.fr\/wordpress\/wp-json\/wp\/v2\/media?parent=336"}],"curies":[{"name":"wp","href":"https:\/\/api.w.org\/{rel}","templated":true}]}}