{"id":60,"date":"2017-12-05T12:32:13","date_gmt":"2017-12-05T11:32:13","guid":{"rendered":"http:\/\/psychologue91.fr\/wordpress\/?page_id=60"},"modified":"2021-08-22T17:30:39","modified_gmt":"2021-08-22T16:30:39","slug":"accueil","status":"publish","type":"page","link":"https:\/\/psychologue91.fr\/wordpress\/","title":{"rendered":"Accueil"},"content":{"rendered":"\n\t<div id=\"metaslider-id-73\" style=\"max-width: 600px;\" class=\"ml-slider-3-27-5 metaslider metaslider-responsive metaslider-73 ml-slider\">\n    <div id=\"metaslider_container_73\">\n        <ul id='metaslider_73' class='rslides'>\n            <li><img src=\"https:\/\/psychologue91.fr\/wordpress\/wp-content\/uploads\/slider3\/CIMG1566-448x224.jpeg\" height=\"300\" width=\"600\" alt=\"\" class=\"slider-73 slide-74\" \/><\/li>\n            <li style='display: none;'><img src=\"https:\/\/psychologue91.fr\/wordpress\/wp-content\/uploads\/slider3\/IMG_3601-600x300.jpeg\" height=\"300\" width=\"600\" alt=\"\" class=\"slider-73 slide-75\" \/><\/li>\n            <li style='display: none;'><img src=\"https:\/\/psychologue91.fr\/wordpress\/wp-content\/uploads\/slider3\/Image-1-600x300.jpeg\" height=\"300\" width=\"600\" alt=\"\" class=\"slider-73 slide-76\" \/><\/li>\n            <li style='display: none;'><img src=\"https:\/\/psychologue91.fr\/wordpress\/wp-content\/uploads\/slider3\/baby-hand-847819_1920-600x300.jpeg\" height=\"300\" width=\"600\" alt=\"\" class=\"slider-73 slide-77\" \/><\/li>\n            <li style='display: none;'><img src=\"https:\/\/psychologue91.fr\/wordpress\/wp-content\/uploads\/2017\/11\/baby-717680_1920-600x300.jpg\" height=\"300\" width=\"600\" alt=\"\" class=\"slider-73 slide-78\" \/><\/li>\n            <li style='display: none;'><img src=\"https:\/\/psychologue91.fr\/wordpress\/wp-content\/uploads\/2017\/11\/DSC00918-448x224.jpg\" height=\"300\" width=\"600\" alt=\"\" class=\"slider-73 slide-420\" title=\"DSC00918\" \/><\/li>\n        <\/ul>\n        \n    <\/div>\n<\/div>\n<p>&nbsp;<\/p>\nBienvenue sur mon site !<br \/>\nVous y trouverez des explications pour mieux comprendre ce qu&rsquo;est un \u00ab\u00a0psy\u00a0\u00bb,\n<p> \u00e0 quoi peut servir une th\u00e9rapie, ainsi que des informations <\/p>\npour vous permettre de pr\u00e9parer notre rencontre en toute confiance.<br \/>\nN&rsquo;h\u00e9sitez pas \u00e0 me contacter pour toute question !<br \/>\n\n","protected":false},"excerpt":{"rendered":"<p>&nbsp; Bienvenue sur mon site ! Vous y trouverez des explications pour mieux comprendre ce qu&rsquo;est un \u00ab\u00a0psy\u00a0\u00bb, \u00e0 quoi peut servir une th\u00e9rapie, ainsi que des informations pour vous permettre de pr\u00e9parer notre rencontre en toute confiance. N&rsquo;h\u00e9sitez pas \u00e0 me contacter pour toute question !<\/p>\n","protected":false},"author":1,"featured_media":0,"parent":0,"menu_order":0,"comment_status":"closed","ping_status":"closed","template":"","meta":[],"_links":{"self":[{"href":"https:\/\/psychologue91.fr\/wordpress\/wp-json\/wp\/v2\/pages\/60"}],"collection":[{"href":"https:\/\/psychologue91.fr\/wordpress\/wp-json\/wp\/v2\/pages"}],"about":[{"href":"https:\/\/psychologue91.fr\/wordpress\/wp-json\/wp\/v2\/types\/page"}],"author":[{"embeddable":true,"href":"https:\/\/psychologue91.fr\/wordpress\/wp-json\/wp\/v2\/users\/1"}],"replies":[{"embeddable":true,"href":"https:\/\/psychologue91.fr\/wordpress\/wp-json\/wp\/v2\/comments?post=60"}],"version-history":[{"count":24,"href":"https:\/\/psychologue91.fr\/wordpress\/wp-json\/wp\/v2\/pages\/60\/revisions"}],"predecessor-version":[{"id":564,"href":"https:\/\/psychologue91.fr\/wordpress\/wp-json\/wp\/v2\/pages\/60\/revisions\/564"}],"wp:attachment":[{"href":"https:\/\/psychologue91.fr\/wordpress\/wp-json\/wp\/v2\/media?parent=60"}],"curies":[{"name":"wp","href":"https:\/\/api.w.org\/{rel}","templated":true}]}}